{"id":2,"date":"2021-04-13T10:59:05","date_gmt":"2021-04-13T10:59:05","guid":{"rendered":"https:\/\/qsim.lums.edu.pk\/?page_id=2"},"modified":"2021-04-13T18:40:43","modified_gmt":"2021-04-13T18:40:43","slug":"publications","status":"publish","type":"page","link":"https:\/\/qsim.lums.edu.pk\/index.php\/publications\/","title":{"rendered":"Publications"},"content":{"rendered":"\n<ul class=\"has-black-color has-text-color has-small-font-size\"><li><span class=\"has-inline-color has-black-color\">E. E. Quashie, <strong>R. Ullah<\/strong>, X. Andrade, A. A. Correa, <a href=\"https:\/\/doi.org\/10.1016\/j.actamat.2020.06.061\">Effect of Chemical Disorder on the Electronic Stopping of Solid Solution Alloys<\/a>, <em>Acta Mater.,<\/em> <strong>196<\/strong>, 576 (2020)<\/span><\/li><li>A. Garc\u00eda, N. Papior, A. Akhtar, E. Artacho, V. Blum, E. Bosoni, P. Brandimarte, M. Brandbyge, J. I Cerd\u00e1, F. Corsetti, R. Cuadrado, V. Dikan, J. Ferrer, J. Gale, P. Garc\u00eda-Fern\u00e1ndez, V. M. Garc\u00eda-Su\u00e1rez, S. Garc\u00eda, G. Huhs, S. Illera, R. Koryt\u00e1r, P. Koval, I. Lebedeva, L. Lin, P. L\u00f3pez-Tarifa, S.G. Mayo, S. Mohr, P. Ordej\u00f3n, A. Postnikov, Y. Pouillon, M. Pruneda, R. Robles,Roberto, D. S\u00e1nchez-Portal, J. M. Soler, <strong>R. Ullah<\/strong>, V. W. Yu, and J. Junquera, <a href=\"https:\/\/doi.org\/10.1063\/5.0005077\">Siesta: Recent Developments and Applications<\/a> (<strong>Editor&#8217;s Pick<\/strong>),<em> J. Chem. Phys., <\/em><strong>152<\/strong>, 204108 (2020)<\/li><li>A. E. Sand, <strong>R. Ullah<\/strong>, and A. A. Correa, <a href=\"https:\/\/doi.org\/10.1038\/s41524-019-0180-5\"> Heavy Ion Ranges from First Principles Electron Dynamics<\/a>, <em>npj Comput. Mater.,<\/em> <strong>5<\/strong>, 43 (2019)<\/li><li><strong>R. Ullah<\/strong>, E. Artacho, and A. A. Correa, <a href=\"https:\/\/journals.aps.org\/prl\/cited-by\/10.1103\/PhysRevLett.121.116401\">Core Electrons in the Electronic Stopping of Heavy Ions<\/a>, <em>Phys. Rev. Lett.,<\/em> <strong>121<\/strong>, 116401 (2018)<\/li><li><strong>R. Ullah<\/strong>, F. Corsetti, D. S\u00e1nchez-Portal, and E. Artacho, <a href=\"https:\/\/journals.aps.org\/prb\/abstract\/10.1103\/PhysRevB.91.125203\">Electronic Stopping Power in Narrow Band Gap Semiconductors from First Principles Simulations<\/a>, <em>Phys. Rev. B,<\/em> <strong>91<\/strong>, 125203 (2015)<\/li><li>M. S. Anwar, J. Alam, M. Wasif,<strong> R. Ullah<\/strong>, S. Shamim, and W. Zia, <a href=\"https:\/\/doi.org\/10.1119\/1.4881608\"> Fourier Analysis of Thermal Diffusive Waves <\/a>, <em>Am. J. Phys., <strong>82<\/strong>, 928 (2014)<\/em><\/li><li><strong>R. Ullah<\/strong> and M. S. Anwar, <a href=\"https:\/\/onlinelibrary.wiley.com\/doi\/abs\/10.1002\/cmr.a.20139\"> Undesired Gradients in Low-Field Magnetic Resonance Imaging<\/a>, <em>Concepts Magn. Reson.<\/em> <strong>34A<\/strong>, 173 (2009)<\/li><\/ul>\n\n\n\n<p><\/p>\n","protected":false},"excerpt":{"rendered":"<p>E. E. Quashie, R. Ullah, X. Andrade, A. A. Correa, Effect of Chemical Disorder on the Electronic Stopping of Solid Solution Alloys, Acta Mater., 196, 576 (2020) A. Garc\u00eda, N. Papior, A. Akhtar, E. Artacho, V. Blum, E. Bosoni, P&#8230;. <a class=\"more-link\" href=\"https:\/\/qsim.lums.edu.pk\/index.php\/publications\/\">Continue Reading &rarr;<\/a><\/p>\n","protected":false},"author":1,"featured_media":0,"parent":0,"menu_order":0,"comment_status":"closed","ping_status":"open","template":"template-fullwidth.php","meta":[],"_links":{"self":[{"href":"https:\/\/qsim.lums.edu.pk\/index.php\/wp-json\/wp\/v2\/pages\/2"}],"collection":[{"href":"https:\/\/qsim.lums.edu.pk\/index.php\/wp-json\/wp\/v2\/pages"}],"about":[{"href":"https:\/\/qsim.lums.edu.pk\/index.php\/wp-json\/wp\/v2\/types\/page"}],"author":[{"embeddable":true,"href":"https:\/\/qsim.lums.edu.pk\/index.php\/wp-json\/wp\/v2\/users\/1"}],"replies":[{"embeddable":true,"href":"https:\/\/qsim.lums.edu.pk\/index.php\/wp-json\/wp\/v2\/comments?post=2"}],"version-history":[{"count":3,"href":"https:\/\/qsim.lums.edu.pk\/index.php\/wp-json\/wp\/v2\/pages\/2\/revisions"}],"predecessor-version":[{"id":67,"href":"https:\/\/qsim.lums.edu.pk\/index.php\/wp-json\/wp\/v2\/pages\/2\/revisions\/67"}],"wp:attachment":[{"href":"https:\/\/qsim.lums.edu.pk\/index.php\/wp-json\/wp\/v2\/media?parent=2"}],"curies":[{"name":"wp","href":"https:\/\/api.w.org\/{rel}","templated":true}]}}